t is the greatest common divisor of a and d?
5
Suppose -50 = -3*o - 3*y - 11, 3*y - 9 = 0. What is the highest common divisor of 5 and o?
5
Let d = 50 - 23. Suppose -2*n = -2*g + 8 + 10, -5*g + d = 4*n. Calculate the highest common divisor of 28 and g.
7
Let d be -7*(-9 - 1/2*2). What is the greatest common factor of d and 14?
14
Let j = 8 + -12. Let p be (-13 + 1)/(j - -3). Let d = -46 + 64. Calculate the highest common factor of d and p.
6
Let l be (-18018)/(-561) - (-2)/(-17). Let f = 12 + -8. What is the greatest common divisor of l and f?
4
Let i = 187 + -134. Suppose 5*x - i = -3*q + 29, 3*x + 4*q - 58 = 0. What is the highest common divisor of 70 and x?
14
Let y be (28 + -2)/(0 + 1). Let q = 18 - -47. What is the highest common factor of q and y?
13
Suppose 2*m = 5*m - 12. Suppose -1 = -2*k + 3*o + 1, o - m = 0. Calculate the greatest common divisor of 1 and k.
1
Let c(q) = -q**3 - 5*q**2 - 10*q - 6. Let m be c(-6). Calculate the greatest common divisor of m and 10.
10
Suppose 9*p - 27 - 54 = 0. Let c = 170 + -98. Calculate the greatest common factor of c and p.
9
Suppose -2*d + 4*t = d - 52, 0 = d + 5*t - 49. Let z(y) = 20*y - 8. Let x be z(4). What is the highest common divisor of d and x?
24
Let v be ((-8)/16)/(1/(-192)). Let n = -3 - -44. Let s = n + -29. What is the highest common divisor of s and v?
12
Suppose 0*t = -5*p - 5*t - 35, -3*p + 2*t + 4 = 0. Let c be (27 + -1)*p/(-4). Suppose s + 0*s - c = 0. Calculate the greatest common factor of 65 and s.
13
Let y(u) = -8*u**3 - 2*u - 1. Let c be y(-1). Let k = 203 + -131. What is the highest common divisor of c and k?
9
Let v(i) = -i**2 + 9*i - 7. Let p be v(8). What is the highest common factor of 3 and p?
1
Suppose -r + l = 2*l + 1, 5*l = -4*r - 6. What is the highest common divisor of 4 and r?
1
Suppose -j = -h - 9, j + 5*h = 3 - 0. Calculate the greatest common divisor of j and 56.
8
Let d be -2 + (6 + 2 - 0). Suppose 4*f = -59 + 539. Suppose -f = -d*w + 3*w. Calculate the greatest common factor of w and 16.
8
Suppose -5*p + 113 = 3*l, 14*l - 5*p = 9*l + 175. Calculate the greatest common factor of l and 36.
36
Suppose -3*w = -3*d, -4*w + 2*w - 2*d + 12 = 0. Let g(h) = -h**3 - 5*h**2 + h + 3. Let y be g(-6). Calculate the highest common factor of w and y.
3
Let i(z) = z - 13. Let x be i(14). Suppose -5*f - 4*r - 3 = 2, -5*f = -r + 5. Let s = f - -2. What is the highest common divisor of s and x?
1
Suppose 5*d = 16 + 4. Suppose 2*y = 4*y - d. Calculate the highest common factor of 10 and y.
2
Let a = -2 + 4. Let y = -37 - -59. Calculate the greatest common divisor of y and a.
2
Let w be 30/(-5)*(-1)/2. Suppose -496 - 161 = -w*b. Suppose q + q - 4*y = 90, -4*q = 5*y - b. Calculate the greatest common factor of q and 17.
17
Suppose 0*j + 3*j - 9 = 0. Suppose 2 = -2*b + j*b. Suppose -5*t + 90 = -5*l, b*t = -t - 3*l + 24. Calculate the greatest common divisor of 143 and t.
13
Suppose -4*x + x - 3*t + 48 = 0, 0 = -2*x + 4*t + 2. Suppose 2*v + 0*v + 16 = 0. Let g be v/(-28) - 5/(-7). Calculate the greatest common divisor of g and x.
1
Let i(k) = k**3 - 6*k**2 + 3*k + 2. Let b be i(6). Calculate the greatest common divisor of b and 30.
10
Let r(l) = l**2 - l - 5. Let k be r(-5). What is the highest common divisor of k and 25?
25
Let q(g) = 8*g - 1. Let s be q(1). Suppose -4*w + 52 = 2*u, 4*u + 6*w - s*w - 122 = 0. Calculate the greatest common factor of u and 12.
6
Suppose -6*r = -7*r + 80. Suppose 0*z + 48 = 3*z. What is the highest common divisor of r and z?
16
Suppose -2*z - 3*z - 818 = -4*q, -3*q + 3*z = -615. What is the highest common divisor of 23 and q?
23
Suppose -50 = -5*m + 3*l, l - 3*l - 30 = -3*m. Let s = m - 3. Calculate the greatest common divisor of s and 42.
7
Suppose -3*b - 2*b - 3 = 4*h, -5*b + 1 = 2*h. Let d be 1 + -3 + 38*b. What is the highest common divisor of d and 12?
12
Suppose 5*k + 0*l - 106 = -3*l, -5*k = -4*l - 92. What is the highest common factor of k and 4?
4
Let u(s) = 11*s**2 + 11*s + 15. Let b(i) = -5*i**2 - 5*i - 8. Let f(x) = -9*b(x) - 4*u(x). Let k be f(0). What is the highest common divisor of 24 and k?
12
Let j(z) = 3*z + 8. Let m be j(-5). Let h be 0 + 4 + (3 - m). What is the highest common divisor of 7 and h?
7
Suppose 612 = 8*j + j. Let u(x) = -x**3 - 9*x**2 - 9*x + 9. Let c be u(-8). What is the highest common factor of j and c?
17
Let b(u) = -u**3 - 4*u**2 - 3*u + 8. Let h be b(-5). Calculate the highest common factor of h and 32.
16
Let r(i) = -9*i**3 + 2*i**2 + 2*i + 1. Let t be r(-1). Calculate the greatest common divisor of t and 50.
10
Let c be 6*(24/(-9) + 3). Suppose -3*d - 6 = 0, -3 = 4*p + c*d - 39. What is the greatest common divisor of p and 110?
10
Suppose o - 45 = 4*w + 27, -70 = -o + 2*w. Calculate the greatest common divisor of o and 34.
34
Suppose 0 = 6*c - 3*c + 3*f - 36, 5*f - 5 = 0. Let w(a) = 4*a**2 - 1. Let i be w(-5). Calculate the highest common divisor of c and i.
11
Let x be (-246)/(2*3/(-4)). Let o = -84 + x. Calculate the greatest common divisor of 20 and o.
20
Suppose -29 = -4*b + 3. What is the greatest common divisor of 80 and b?
8
Suppose 3*m + 3 = -0*l - 5*l, 2*l = 4*m - 22. Let u be m/(-26) + 368/26. Calculate the highest common divisor of u and 154.
14
Let t = -5 - 16. Let a be (-4)/(-14) + (-225)/t. Suppose 9*f - a*f = -44. Calculate the highest common factor of f and 11.
11
Suppose -2*o + 6 = -0. Suppose -o*n = -25 - 2. Calculate the highest common divisor of 63 and n.
9
Suppose h + 5*b = -3, -4*h + 3*b + 44 = -13. Let t be 17 - 2/4*-2. What is the highest common divisor of h and t?
6
Let x(t) = t**2 + 8*t + 27. Let d be x(-11). What is the greatest common factor of d and 30?
30
Let k be 119/28 + (-3)/12. What is the highest common divisor of 2 and k?
2
Let c = -139 + 266. Let g = c - 7. What is the highest common divisor of g and 30?
30
Suppose 0 = -13*p + 8*p. Let a = 16 + -38. Let s = p - a. Calculate the highest common factor of 55 and s.
11
Suppose -2*c - 8 = -4*c. Let m = -1 + c. Suppose -h = -r + m*h + 19, r - 2*h - 15 = 0. Calculate the highest common divisor of 11 and r.
11
Let n = -43 + 403. Calculate the greatest common factor of 40 and n.
40
Let n(o) = -o**2 - 10*o - 7. Let v be n(-8). Suppose 3*d - v = -0*d. Suppose -d*f + 140 = -f. What is the highest common divisor of 28 and f?
14
Let s(u) = -28*u - 1. Let g be s(-1). Let c be 3*((-15)/(-35) - 180/(-21)). What is the highest common factor of c and g?
27
Let h(p) = 2*p**2 + 4*p - 1. Let m = -5 - -2. Let b be h(m). Let y be (255/(-6))/b*-6. What is the greatest common divisor of 17 and y?
17
Let l(m) = -m - 1. Let i be l(4). Let u be 28 + -1*(2 + -1). Let x = u - i. Calculate the greatest common divisor of x and 8.
8
Let q(a) = a**2 + 2*a - 2. Let w be q(3). What is the highest common divisor of w and 26?
13
Let z be 1 - -26 - (-1 - 2). What is the highest common divisor of z and 20?
10
Let n(h) = h**2 + 5*h + 4. Let t be n(-3). Let c = t + 12. Let r(l) = 20*l. Let d be r(1). Calculate the greatest common divisor of d and c.
10
Let a be (-1800)/5*(-2)/5. Calculate the greatest common factor of a and 18.
18
Suppose 0 = 4*v + o - 412, 3*o - 37 = -v + 55. Calculate the highest common factor of v and 13.
13
Let v(r) = -2*r + 2. Let l be v(0). Let o be l + 868/4 - -1. Calculate the greatest common factor of o and 22.
22
Let g be 42/4 + (-69)/(-46). What is the greatest common divisor of 24 and g?
12
Suppose -u = 3*q - 42, 7*q - 2*q - 90 = 5*u. Suppose -q = -5*h, 0 = -5*x - 3*h + 2 + 62. Calculate the highest common factor of 11 and x.
11
Let r be (-21)/(-6)*(-8)/(-14). Suppose -5*v + 1 = 3*d, -3*v - 5 = -r*d + 3*d. What is the highest common divisor of d and 14?
7
Let f(j) = j**3 - 4*j**2 - 20*j + 3. Let v be f(7). What is the highest common divisor of v and 2?
2
Suppose 2*d + 2*d = 20. Let r = -38 - -93. What is the greatest common divisor of d and r?
5
Let c(b) = 6*b - 5. Let y be c(4). What is the highest common factor of y and 171?
19
Let y = 131 + -41. Suppose -83 = 5*g - 4*o - 503, g - 2*o - y = 0. Suppose 0*s = 3*s - 30. What is the highest common factor of s and g?
10
Suppose -3*v = -3*l - 3, -3*v = v + 12. Let o(b) = -b**3 - 5*b**2 - 6*b - 6. Let f be o(l). What is the highest common factor of f and 1?
1
Suppose 2*x + 3*q = 7*x + 70,